6. What is the tens digit of b?
0
What is the thousands digit of (53440/(-192))/((-1)/24)?
6
Let i(o) = 3518*o - 199. What is the thousands digit of i(7)?
4
Let a = 21764 + -12748. What is the units digit of a?
6
Let u = 24 + 89. Suppose 0 = i - 248 - u. What is the tens digit of i?
6
Suppose 5*z - a + 14 = 0, 3*z + 2*z = 4*a - 11. Let p be 1*(-2)/z*-9. Let y = 43 + p. What is the units digit of y?
7
Suppose 4*s - 6*s + 900 = 0. Let b = s + -261. What is the units digit of 11/((-396)/b)*(0 - 4)?
1
What is the tens digit of 13718290/(-2745)*(-18)/4?
8
Suppose 182677 = -153*j + 1410808. What is the hundreds digit of j?
0
Suppose -1523*m = -1543*m + 1128060. What is the units digit of m?
3
Suppose -4*a - 5*s = 7 + 384, s - 525 = 5*a. Let u = 114 + a. Let j(v) = 15*v + 18. What is the units digit of j(u)?
8
Let p be 176709/552 + (1 - 9/8). Suppose 0 = -l - 55 + p. What is the units digit of l?
5
Let v(s) = -s**2 + 26*s - 45. Let d be v(25). Let y = d + 16. What is the tens digit of 2/y*(-18 - 4)?
1
What is the ten thousands digit of 0/(-12) - (-11813 - 5)?
1
Let j(h) = -h**3 + 24*h**2 - 35*h + 113. Let n be 23 + ((-92)/22 - (-4)/22). What is the thousands digit of j(n)?
1
Let s(h) = h**3 + 3*h + 86. Let k be s(0). Let a = 328 + k. What is the tens digit of a?
1
Let m = -6 + 8. Suppose -4*i = -m*q - 1598, -2*q = 3*i - 439 - 742. Suppose 3*h + g = i, 0*g - g = -2*h + 273. What is the units digit of h?
4
Let a = -452 + 315. Let d = -8 - a. What is the units digit of d?
9
Let m = 55 + -52. Suppose -14 = 2*w - 4*z, -z - m*z + 10 = 2*w. What is the units digit of 5/15*(-141)/w?
7
Suppose 2*a - 23 = -h + a, h = -5*a + 7. Suppose h = 2*b + 7. Suppose -13*d + 189 = -b*d. What is the tens digit of d?
6
What is the hundreds digit of -3 - (1 + -2 - (-29 - -22759))?
7
Let q be 0 - -1023*4/6. Let x = q - 184. What is the units digit of x?
8
Let o be (-9)/2*(-36)/162. Let p be 44*o - (3 - 8 - -5). Suppose 0 = 4*z + 2*u - 184, p = -5*z - 3*u + 276. What is the tens digit of z?
4
What is the tens digit of (-6234969)/(-130) + -2*15/100?
6
What is the units digit of ((-830)/(-20) - 11)/(19420/(-4856) - -4)?
7
What is the units digit of 1129632/(-1008)*54/(-4)?
9
Let l = -7289 - -20926. What is the hundreds digit of l?
6
Suppose 0 = -5*j + 47 + 3. Let c(d) be the second derivative of -d**3/6 + 7*d**2 - 2*d + 21. What is the units digit of c(j)?
4
Let r(j) = -2*j**3 + 177*j**2 + 42*j + 126. What is the units digit of r(88)?
6
Let l = 109327 - 73975. What is the units digit of l?
2
Suppose -2543 - 4204 = -12*w + 957. What is the tens digit of w?
4
What is the hundreds digit of 33/(-165)*10/12 - (-439854)/36?
2
Suppose -4867*i - 790193 = -4908*i. What is the units digit of i?
3
Let y = 39507 + -27365. What is the hundreds digit of y?
1
Let t(y) be the first derivative of -3*y**4/4 + 2*y**3/3 - 4*y**2 + 13*y + 186. What is the thousands digit of t(-7)?
1
Let w be 1/(-2)*(21/3 - 3). Let l be -2 + 17450/45 + w/(-9). Let f = l + -253. What is the hundreds digit of f?
1
What is the units digit of -7 + -10 + -1 - -2388?
0
Let h be (-2)/4*(-13 + 1). Let t be ((-126)/88 - 146/(-803))*(-2 - 2). Suppose -h*x = t*x - 1518. What is the hundreds digit of x?
1
Suppose 0 = -5*a - 322 + 422. What is the tens digit of -1245*((-38)/a + (-57)/(-38))?
9
Let f = 224 + -200. Let a(m) = 2*m**2 + 5*m + 135. What is the thousands digit of a(f)?
1
Suppose 0 = 28*r - 7959 - 35497. What is the units digit of (1/6*r)/((-4)/(-6))?
8
Let u(x) = -2*x**2 - 79*x + 13. Let a(r) = r**3 - 10*r**2 - 20*r - 67. Let d be a(12). What is the tens digit of u(d)?
9
Let n be (-3)/6 + 2/(4/15). Suppose 5*m - n*m = -292. Suppose -5*c + m = -384. What is the units digit of c?
6
What is the hundreds digit of 4*166*(304 + -303)?
6
Let u(y) = 641*y - 5502. What is the thousands digit of u(34)?
6
Let n(b) = b**2 - 18*b - 70. Let u(m) = m**2 - 2. Let z(t) = -n(t) + 4*u(t). What is the units digit of z(-25)?
7
Let f be ((-7)/(-2))/((10/5)/(-4)). What is the hundreds digit of 562/2 - (9 + f)?
2
What is the thousands digit of 10 - ((-6028)/4 + -6)?
1
Suppose 29202 = -21*p + 25*p - 5*n, -2*p + 4*n = -14598. What is the tens digit of p?
0
Let f(n) = 223*n**3 + n**2 + n - 2. Let i be f(2). What is the units digit of (i/(-48))/((-1)/4)?
9
What is the hundreds digit of -8*(-1 - ((-14)/2 - (-7 + -1877)))?
0
Suppose -11 = -2*y - k, -k - 12 = -5*y + 5. Suppose -j + 54 = 4*n - 2*j, y = n - 5*j. What is the units digit of 1152/n - (-8)/(-28)?
2
Suppose -5*a = -u + 1253 + 1492, 0 = -4*a + 4. Suppose 4*x - u = 4*l - 9794, -3*l + 5289 = 3*x. What is the units digit of l?
2
Suppose -3*d - 4*j = -6*j - 38, 0 = -4*d - j + 47. Suppose -f + 124 - d = 0. What is the units digit of f?
2
Let s(b) = -2*b**3 + 22*b**2 - 19*b + 63. What is the hundreds digit of s(-16)?
1
Let g be (3/2)/((-24)/(-256)). Let l = -12 + g. Suppose 0 = 5*f - l - 1. What is the units digit of f?
1
Let s(d) = 81*d**3 - 7*d + 6. Let k be s(1). Suppose -r = -30 - k. What is the units digit of r?
0
What is the hundreds digit of ((-88)/(-198))/((-8)/(-316152))?
5
What is the ten thousands digit of ((-29)/3 + 2)/(173/(-254310)) - 2?
1
Suppose 2*f + 4 - 72 = 0. Let j(d) = d**3 + 13*d**2 - 14*d - 4. Let m be j(-14). What is the units digit of (f/m)/((-19)/304)?
6
Let x(t) be the third derivative of t**6/60 + 13*t**4/24 - 5*t**3/6 + 103*t**2. What is the hundreds digit of x(8)?
1
Let l = -19630 - -39269. What is the thousands digit of l?
9
Suppose -4*a = -5*d - 325, 5*a - d - 3*d - 413 = 0. Suppose g - 858 = -10*g. Suppose b + 122 = 4*k, a = 5*k + 4*b - g. What is the units digit of k?
1
Let a(v) = v**3 - 8*v**2 - 26*v - 2. Suppose -8*z + 5*z = -15. Suppose 3*f - 6 = -2*m + 19, z*f - 5*m = 75. What is the units digit of a(f)?
5
Suppose 0 = -23*f + 20*f - 2658. Let h = f + 1304. What is the units digit of h?
8
Let g = -264 + 228. Let b = g - -150. What is the tens digit of b?
1
Let u(r) = 4*r**2 + 9*r + 10. Let s be u(-1). Suppose 1 = 4*z + s, -4*g + 3*z + 1191 = 0. What is the hundreds digit of g?
2
Let i(l) = 3*l**2 - l + 1. Let a be i(4). Suppose 0*d + a = 5*d. Suppose -3*c = -d, -5*m + 141 = 5*c - 484. What is the units digit of m?
2
Suppose 33*d - 39112 = 29*d - 4*q, 6*d - 58656 = -3*q. What is the thousands digit of d?
9
What is the units digit of (-35499)/(-3) - (-418)/38?
4
Let q(r) = -20*r - 38. Let h(f) = 12. Let x(s) = -s - 2. Let d(t) = h(t) - 6*x(t). Let y be d(-5). What is the tens digit of q(y)?
8
Let u(i) = i**3 + 24*i**2 - 11*i - 86. Let g be u(-21). Let l = 2520 - g. What is the units digit of l?
2
Suppose 0 = 2*r - 3*i - 18, -11 - 3 = 2*r + 5*i. Suppose a + 1338 - 122 = r*m, -m + a = -408. What is the units digit of 2 - 2/((-8)/m)?
3
Let y = 4990 - -38913. What is the tens digit of y?
0
Let b(x) = 3*x**2 + 11*x + 20. Let l(a) = a**2 + 10*a + 19. Let q be 7/7*5/(-1). Let r be l(q). What is the tens digit of b(r)?
6
Let f(c) = c**2 - 4*c - 113. Let b(n) = 17*n**3 - 2*n**2 + 5*n + 6. Let k be b(-1). What is the tens digit of f(k)?
8
Suppose 167 - 11 = -4*h. Let u = 64 + h. Let q = u + 29. What is the tens digit of q?
5
Let a = 12003 - 4337. What is the thousands digit of a?
7
What is the hundreds digit of (9 + 4635/6)*492/18?
3
Suppose 3*i = 12*l - 9*l + 38508, 5*i = l + 64200. What is the tens digit of i?
4
Let w = 0 + 11. Let n(x) = 80*x + 13. Let o be n(4). Suppose -8*z = -w*z + o. What is the hundreds digit of z?
1
Suppose -7 - 18 = -5*v. Let b(u) = 5*u**2 + u - 12. Let d be b(v). What is the units digit of d + -2 + (3 - 0)?
9
What is the units digit of 843/9 + 1 + -4 - (-5)/15?
1
Let j(t) = 108*t**2 + 9*t + 7. Let f be j(-8). Let y = -959 + f. What is the units digit of y/72 + 4/18?
2
Suppose 115 = -4*x + 123. Suppose -7*a = 5*h - 5*a - 3374, -1346 = -2*h - x*a. What is the units digit of h?
6
Let n(g) = 41*g - 5. Let r = -90 - -98. What is the units digit of n(r)?
3
Let w be (-2985)/(-35) + 2/(-7). Suppose -4*j - 16 - 53 = 5*d, -5*d - w = 5*j. Let m = j - -17. What is the units digit of m?
1
Suppose -6*j - 7209 = -1263. Let b = -563 - j. What is the tens digit of b?
2
Let o(j) = j**2 + j - 1. Let m(c) = 6*c + 25 - 10 + 25. Let n be m(-8). What is the tens digit of o(n)?
5
Suppose 14 = -b - 4*k - 26, -36 = b + 2*k. Let l = 35 + b. Suppose 5*j - x - 93 = l*